{"id":3013,"date":"2018-07-09T21:37:07","date_gmt":"2018-07-09T19:37:07","guid":{"rendered":"http:\/\/energiris.coop\/?page_id=3013"},"modified":"2022-07-16T14:46:32","modified_gmt":"2022-07-16T12:46:32","slug":"presse","status":"publish","type":"page","link":"https:\/\/energiris.coop\/nl\/presse\/","title":{"rendered":"In de pers"},"content":{"rendered":"<p>Ontdek hier enkele persartikelen over ENERGIRIS :<\/p>\n<ul>\n<li><a href=\"https:\/\/www.lesoir.be\/194881\/article\/2018-12-10\/energiris-un-turbo-dans-la-transition-energetique?referer=%2Farchives%2Frecherche%3Fdatefilter%3Danytime%26sort%3Ddate%2520desc%26word%3Denergiris\" target=\"_blank\" rel=\"noopener noreferrer\">Demain la Terre : ENERGIRIS, un turbo dans la transition \u00e9nerg\u00e9tique<\/a> (Le Soir, 10 d\u00e9cembre 2018)<\/li>\n<li><a href=\"http:\/\/www.dhnet.be\/regions\/bruxelles\/molenbeek-une-nouvelle-chaufferie-pour-les-logements-du-vendome-5bbc8992cd708c805c1a9af5\" target=\"_blank\" rel=\"noopener noreferrer\">Molenbeek : Une nouvelle chaufferie pour les logements du Vend\u00f4me<\/a> (DH, 9 octobre 2018)<\/li>\n<li><a href=\"http:\/\/energiris.coop\/wp-content\/uploads\/2018\/10\/pageLe_SoirLS_IMMO20180927GENERALE10006.pdf\" target=\"_blank\" rel=\"noopener noreferrer\">easyCOPRO veut rajeunir les copropri\u00e9t\u00e9s<\/a> (Le Soir Immo, 27 septembre 2018)<\/li>\n<li><a href=\"https:\/\/www.bruzz.be\/economie\/molenbeekse-burgers-kopen-zonnepanelen-voor-de-gemeente-2018-09-24\" target=\"_blank\" rel=\"noopener noreferrer\">Molenbeekse burgers kopen zonnenpanelen vor de gemeente<\/a> (Bruzz, 24 septembre 2018)<\/li>\n<li><a href=\"https:\/\/bx1.be\/molenbeek-saint-jean\/plus-de-1000-panneaux-solaires-chauffent-la-piscine-communale-de-molenbeek\/\" target=\"_blank\" rel=\"noopener noreferrer\">Molenbeek Saint Jean: Plus de 1000 panneaux photovolta\u00efques chauffent la piscine communale<\/a> (BX1, 24 septembre 2018)<\/li>\n<li><a href=\"http:\/\/energiris.coop\/wp-content\/uploads\/2018\/10\/CRI-JUIN-2018.pdf\" target=\"_blank\" rel=\"noopener noreferrer\">easyCOPRO, vous connaissez ?<\/a> (Le Cri, juin 2018)<\/li>\n<li><a href=\"https:\/\/www.facebook.com\/AlorsOnChangeOfficiel\/videos\/1846272402096728\/\" target=\"_blank\" rel=\"noopener noreferrer\">Capsule vid\u00e9o sur la coop\u00e9rative Energiris<\/a> (Alors on change, juin 2018)<\/li>\n<li><a href=\"https:\/\/www.lecho.be\/monargent\/immobilier\/Accelerer-la-renovation-energetique-des-coproprietes\/10019668\" target=\"_blank\" rel=\"noopener noreferrer\">Acc\u00e9l\u00e9rer la r\u00e9novation \u00e9nerg\u00e9tique des copropri\u00e9t\u00e9s<\/a> (l&#8217;Echo, 7 juin 2018)<\/li>\n<li><a href=\"http:\/\/www.dhnet.be\/regions\/bruxelles\/woluwe-saint-pierre-l-ecole-communale-passe-au-photovoltaique-5b105f425532858b9270bd95\" target=\"_blank\" rel=\"noopener noreferrer\">Woluwe-Saint-Pierre: L\u2019\u00e9cole communale passe au photovolta\u00efque<\/a> (DH, 1er juin 2018)<\/li>\n<li><a href=\"https:\/\/www.rtbf.be\/article\/d-ici-2025-bruxelles-produira-14-de-son-energie-a-partir-de-sources-vertes-9941942\" target=\"_blank\" rel=\"noopener noreferrer\">D&#8217;ici 2025, Bruxelles produira 14% de son \u00e9nergie \u00e0 partir de sources vertes<\/a> (RTBF, Alors on change, 12 juin 2018)<\/li>\n<li>Notre communiqu\u00e9 de presse pour le lancement du projet easyCOPRO: <a href=\"http:\/\/energiris.coop\/wp-content\/uploads\/2018\/10\/CP-easyCOPRO.pdf\" target=\"_blank\" rel=\"noopener noreferrer\">Financement citoyen pour la r\u00e9novation \u00e9nerg\u00e9tique de copropri\u00e9t\u00e9s bruxelloises !<\/a> (6 juin 2018)<\/li>\n<\/ul>\n<p>&nbsp;<\/p>\n<p>&nbsp;<\/p>\n","protected":false},"excerpt":{"rendered":"<p>Ontdek hier enkele persartikelen over ENERGIRIS : Demain la Terre : ENERGIRIS, un turbo dans la transition \u00e9nerg\u00e9tique (Le Soir, 10 d\u00e9cembre 2018) Molenbeek : Une nouvelle chaufferie pour les logements du Vend\u00f4me (DH, 9 octobre 2018) easyCOPRO veut rajeunir les copropri\u00e9t\u00e9s (Le Soir Immo, 27 septembre 2018) Molenbeekse burgers kopen zonnenpanelen vor de gemeente [&hellip;]<\/p>\n","protected":false},"author":144,"featured_media":0,"parent":0,"menu_order":0,"comment_status":"closed","ping_status":"closed","template":"","meta":{"footnotes":""},"class_list":["post-3013","page","type-page","status-publish","hentry"],"_links":{"self":[{"href":"https:\/\/energiris.coop\/nl\/wp-json\/wp\/v2\/pages\/3013","targetHints":{"allow":["GET"]}}],"collection":[{"href":"https:\/\/energiris.coop\/nl\/wp-json\/wp\/v2\/pages"}],"about":[{"href":"https:\/\/energiris.coop\/nl\/wp-json\/wp\/v2\/types\/page"}],"author":[{"embeddable":true,"href":"https:\/\/energiris.coop\/nl\/wp-json\/wp\/v2\/users\/144"}],"replies":[{"embeddable":true,"href":"https:\/\/energiris.coop\/nl\/wp-json\/wp\/v2\/comments?post=3013"}],"version-history":[{"count":6,"href":"https:\/\/energiris.coop\/nl\/wp-json\/wp\/v2\/pages\/3013\/revisions"}],"predecessor-version":[{"id":3593,"href":"https:\/\/energiris.coop\/nl\/wp-json\/wp\/v2\/pages\/3013\/revisions\/3593"}],"wp:attachment":[{"href":"https:\/\/energiris.coop\/nl\/wp-json\/wp\/v2\/media?parent=3013"}],"curies":[{"name":"wp","href":"https:\/\/api.w.org\/{rel}","templated":true}]}}

<p>Ontdek hier enkele persartikelen over ENERGIRIS :</p>
<ul>
<li><a href="https://www.lesoir.be/194881/article/2018-12-10/energiris-un-turbo-dans-la-transition-energetique?referer=%2Farchives%2Frecherche%3Fdatefilter%3Danytime%26sort%3Ddate%2520desc%26word%3Denergiris" target="_blank" rel="noopener noreferrer">Demain la Terre : ENERGIRIS, un turbo dans la transition énergétique</a> (Le Soir, 10 décembre 2018)</li>
<li><a href="http://www.dhnet.be/regions/bruxelles/molenbeek-une-nouvelle-chaufferie-pour-les-logements-du-vendome-5bbc8992cd708c805c1a9af5" target="_blank" rel="noopener noreferrer">Molenbeek : Une nouvelle chaufferie pour les logements du Vendôme</a> (DH, 9 octobre 2018)</li>
<li><a href="http://energiris.coop/wp-content/uploads/2018/10/pageLe_SoirLS_IMMO20180927GENERALE10006.pdf" target="_blank" rel="noopener noreferrer">easyCOPRO veut rajeunir les copropriétés</a> (Le Soir Immo, 27 septembre 2018)</li>
<li><a href="https://www.bruzz.be/economie/molenbeekse-burgers-kopen-zonnepanelen-voor-de-gemeente-2018-09-24" target="_blank" rel="noopener noreferrer">Molenbeekse burgers kopen zonnenpanelen vor de gemeente</a> (Bruzz, 24 septembre 2018)</li>
<li><a href="https://bx1.be/molenbeek-saint-jean/plus-de-1000-panneaux-solaires-chauffent-la-piscine-communale-de-molenbeek/" target="_blank" rel="noopener noreferrer">Molenbeek Saint Jean: Plus de 1000 panneaux photovoltaïques chauffent la piscine communale</a> (BX1, 24 septembre 2018)</li>
<li><a href="http://energiris.coop/wp-content/uploads/2018/10/CRI-JUIN-2018.pdf" target="_blank" rel="noopener noreferrer">easyCOPRO, vous connaissez ?</a> (Le Cri, juin 2018)</li>
<li><a href="https://www.facebook.com/AlorsOnChangeOfficiel/videos/1846272402096728/" target="_blank" rel="noopener noreferrer">Capsule vidéo sur la coopérative Energiris</a> (Alors on change, juin 2018)</li>
<li><a href="https://www.lecho.be/monargent/immobilier/Accelerer-la-renovation-energetique-des-coproprietes/10019668" target="_blank" rel="noopener noreferrer">Accélérer la rénovation énergétique des copropriétés</a> (l&#8217;Echo, 7 juin 2018)</li>
<li><a href="http://www.dhnet.be/regions/bruxelles/woluwe-saint-pierre-l-ecole-communale-passe-au-photovoltaique-5b105f425532858b9270bd95" target="_blank" rel="noopener noreferrer">Woluwe-Saint-Pierre: L’école communale passe au photovoltaïque</a> (DH, 1er juin 2018)</li>
<li><a href="https://www.rtbf.be/article/d-ici-2025-bruxelles-produira-14-de-son-energie-a-partir-de-sources-vertes-9941942" target="_blank" rel="noopener noreferrer">D&#8217;ici 2025, Bruxelles produira 14% de son énergie à partir de sources vertes</a> (RTBF, Alors on change, 12 juin 2018)</li>
<li>Notre communiqué de presse pour le lancement du projet easyCOPRO: <a href="http://energiris.coop/wp-content/uploads/2018/10/CP-easyCOPRO.pdf" target="_blank" rel="noopener noreferrer">Financement citoyen pour la rénovation énergétique de copropriétés bruxelloises !</a> (6 juin 2018)</li>
</ul>
<p>&nbsp;</p>
<p>&nbsp;</p>

<p>Ontdek hier enkele persartikelen over ENERGIRIS : Demain la Terre : ENERGIRIS, un turbo dans la transition énergétique (Le Soir, 10 décembre 2018) Molenbeek : Une nouvelle chaufferie pour les logements du Vendôme (DH, 9 octobre 2018) easyCOPRO veut rajeunir les copropriétés (Le Soir Immo, 27 septembre 2018) Molenbeekse burgers kopen zonnenpanelen vor de gemeente [&hellip;]</p>
